84247
What are the prime factors of 74796233?
547, 136739
List the prime factors of 357721199.
11, 32520109
List the prime factors of 100109123.
100109123
What are the prime factors of 35233355?
5, 23, 306377
List the prime factors of 192438703.
2063, 93281
What are the prime factors of 356261220?
2, 3, 5, 7, 307
List the prime factors of 705756898.
2, 7, 11, 71, 9221
What are the prime factors of 54981424?
2, 3436339
What are the prime factors of 6772148939?
6772148939
List the prime factors of 37324867.
37324867
What are the prime factors of 316457317?
11, 499, 57653
List the prime factors of 3766041594.
2, 3, 7, 1153, 8641
List the prime factors of 56987539.
7, 1163011
List the prime factors of 636350744.
2, 173, 459791
What are the prime factors of 1102518312?
2, 3, 7, 79, 83071
What are the prime factors of 240577163?
240577163
List the prime factors of 56542455.
3, 5, 173, 269
What are the prime factors of 34818658?
2, 7, 2487047
What are the prime factors of 874172088?
2, 3, 449677
List the prime factors of 3221485732.
2, 805371433
List the prime factors of 57130637.
4211, 13567
List the prime factors of 216037477.
769, 280933
What are the prime factors of 1885518474?
2, 3, 7, 163, 275419
What are the prime factors of 2491292066?
2, 37, 33666109
What are the prime factors of 67629661?
11, 97, 241, 263
What are the prime factors of 1214120486?
2, 397, 1529119
List the prime factors of 5371442178.
2, 3, 895240363
List the prime factors of 44274181.
7, 6324883
List the prime factors of 75020484.
2, 3, 7, 11, 61
What are the prime factors of 318398027?
318398027
List the prime factors of 1486980596.
2, 31, 2311, 5189
What are the prime factors of 2005560551?
41, 4723, 10357
List the prime factors of 14484307.
14484307
List the prime factors of 2018319361.
467, 4321883
List the prime factors of 1235937436.
2, 277, 1115467
List the prime factors of 1977488494.
2, 101, 449, 21803
List the prime factors of 888335225.
5, 31, 877, 1307
What are the prime factors of 867545712?
2, 3, 11, 677, 809
What are the prime factors of 82840783?
82840783
List the prime factors of 382545922.
2, 11, 137, 126923
List the prime factors of 904764645.
3, 5, 257, 78233
List the prime factors of 502457917.
13, 227, 170267
What are the prime factors of 130164298?
2, 11, 37, 14537
What are the prime factors of 10313510?
2, 5, 113, 9127
List the prime factors of 1241093665.
5, 7, 35459819
List the prime factors of 5830165730.
2, 5, 317, 1839169
What are the prime factors of 236518905?
3, 5, 7, 59, 73, 523
List the prime factors of 293298179.
83, 433, 8161
What are the prime factors of 809873279?
37, 21888467
List the prime factors of 19710886.
2, 13, 758111
List the prime factors of 131200168.
2, 11, 19, 131, 599
List the prime factors of 1308967919.
7, 3816233
List the prime factors of 488103938.
2, 7, 191, 182537
List the prime factors of 488504198.
2, 7, 13, 113, 23753
What are the prime factors of 1315495177?
11437, 115021
List the prime factors of 18446921.
17, 1085113
List the prime factors of 4446016936.
2, 17, 53, 269, 2293
What are the prime factors of 63035523?
3, 163, 14323
List the prime factors of 2858987.
19, 150473
What are the prime factors of 896614534?
2, 448307267
What are the prime factors of 3914968395?
3, 5, 13, 641, 31321
What are the prime factors of 613278131?
613278131
What are the prime factors of 26037500?
2, 5, 2083
List the prime factors of 176948807.
7, 29, 139, 6271
What are the prime factors of 3492258597?
3, 197, 367, 1789
List the prime factors of 103562902.
2, 47, 1101733
What are the prime factors of 1897153386?
2, 3, 17, 271, 68633
What are the prime factors of 269074471?
37, 7272283
What are the prime factors of 3040926819?
3, 7, 2399, 8623
What are the prime factors of 688866089?
688866089
What are the prime factors of 1069698172?
2, 267424543
List the prime factors of 2969886956.
2, 8243, 90073
What are the prime factors of 330975558?
2, 3, 43, 47513
What are the prime factors of 618414684?
2, 3, 281, 183397
List the prime factors of 97868723.
467, 209569
List the prime factors of 39330361.
7, 19, 109, 2713
What are the prime factors of 570318937?
251, 2272187
What are the prime factors of 16273497?
3, 257, 21107
What are the prime factors of 63816241?
63816241
List the prime factors of 98077757.
98077757
What are the prime factors of 1526561842?
2, 13, 23, 2552779
List the prime factors of 72521731.
131, 553601
List the prime factors of 3356907347.
3299, 1017553
List the prime factors of 2145804927.
3, 7, 1669, 61223
What are the prime factors of 4401482887?
719, 6121673
List the prime factors of 626590660.
2, 5, 281, 111493
List the prime factors of 28177520.
2, 5, 7, 67, 751
What are the prime factors of 657646809?
3, 163, 257, 5233
What are the prime factors of 526965655?
5, 37, 487, 5849
What are the prime factors of 259520706?
2, 3, 4805939
What are the prime factors of 89784879?
3, 29928293
What are the prime factors of 899154803?
17, 19, 311, 8951
What are the prime factors of 4102929093?
3, 17681, 77351
List the prime factors of 285420091.
11, 25947281
What are the prime factors of 1810184549?
19, 95272871
List the prime factors of 160119091.
11, 37, 393413
What are the prime factors of 647315565?
3, 5, 13, 23, 101, 1429
List the prime factors of 518387641.
41, 1231, 10271
What are the prime factors of 590108033?
23, 31, 199, 4159
What are the prime factors of 52611393?
3, 79, 221989
What are the prime factors of 50906526?
2, 3, 11, 31, 139, 179
List the prime factors of 1148706726.
2, 3, 181, 1057741
List the prime factors of 2349671532.
2, 3, 13, 37, 43, 9467
List the prime factors of 893418709.
893418709
List the prime factors of 167199554.
2, 31, 431, 6257
List the prime factors of 2966932996.
2, 31, 23926879
List the prime factors of 733652797.
467, 1570991
What are the prime factors of 3712118561?
8221, 451541
What are the prime factors of 98689045?
5, 7, 13, 216899
List the prime factors of 132411552.
2, 3, 7, 13, 23, 659
List the prime factors of 220532276.
2, 41, 1344709
What are the prime factors of 1448165?
5, 31, 9343
List the prime factors of 37047691.
37047691
What are the prime factors of 398113767?
3, 1721, 25703
List the prime factors of 32947007.
19, 227, 7639
List the prime factors of 1559539074.
2, 3, 197, 1319407
What are the prime factors of 4305588?
2, 3, 7, 51257
What are the prime factors of 329158279?
31, 2437, 4357
What are the prime factors of 138444488?
2, 7, 13, 19, 10009
List the prime factors of 433579959.
3, 263, 20353
List the prime factors of 886930988.
2, 167, 743, 1787
List the prime factors of 2721254064.
2, 3, 56692793
List the prime factors of 701185489.
701185489
List the prime factors of 1646801.
13, 131, 967
What are the prime factors of 108792119?
19, 73, 78437
What are the prime factors of 408064760?
2, 5, 349, 29231
List the prime factors of 4110468.
2, 3, 23, 53, 281
List the prime factors of 319633801.
1553, 205817
List the prime factors of 1241503645.
5, 941, 263869
What are the prime factors of 143608132?
2, 43, 19417
What are the prime factors of 76761979?
7, 1566571
What are the prime factors of 48071287?
11, 449, 9733
What are the prime factors of 524364476?
2, 131091119
What are the prime factors of 1789925206?
2, 17, 52644859
List the prime factors of 81818487.
3, 2749, 3307
What are the prime factors of 255755708?
2, 13, 271, 18149
List the prime factors of 4958632.
2, 7, 88547
What are the prime factors of 1576133757?
3, 11, 71, 224233
What are the prime factors of 5399623526?
2, 11, 10903, 22511
List the prime factors of 19618181.
11, 29, 89, 691
List the prime factors of 52030628.
2, 13, 1000589
List the prime factors of 10470344.
2, 79, 16567
What are the prime factors of 73912002?
2, 3, 101, 121967
List the prime factors of 7671772.
2, 1917943
List the prime factors of 27659652.
2, 3, 487, 4733
List the prime factors of 2413863516.
2, 3, 201155293
List the prime factors of 44636110.
2, 5, 4463611
List the prime factors of 831047457.
3, 6733, 41143
What are the prime factors of 4436891643?
3, 1478963881
What are the prime factors of 867240416?
2, 7, 61, 9067
List the prime factors of 38102368.
2, 1190699
What are the prime factors of 584525313?
3, 64947257